ive s(5).
-2
Let c(a) = -2*a**3 + 6*a**2 - 4*a - 3. Determine c(3).
-15
Let k(c) = 3*c**2 + 59*c - 1009. Give k(11).
3
Let z(p) = -3*p**2 + 23*p - 101. Calculate z(7).
-87
Let a(q) = -q**2 + q + 968. What is a(30)?
98
Let p(h) = -h**3 - 35*h**2 + 293*h - 42. Calculate p(-42).
0
Let r(v) = 4*v**2 - 56*v + 292. Calculate r(6).
100
Let w(t) = -t**3 - 7*t**2 + 29*t + 17. Give w(-10).
27
Let t(i) = -i**2 + 17*i + 39. Give t(15).
69
Let o(i) = 200*i + 14187. What is o(-71)?
-13
Let m(l) = l**3 - 11*l**2 + 21*l - 112. What is m(9)?
-85
Let h(n) = -2*n**3 - 57*n**2 + 587*n - 10. Determine h(8).
14
Let v(y) = -2*y**2 - 290*y - 857. What is v(-142)?
-5
Let f(g) = g**2 - 43*g - 555. What is f(51)?
-147
Let v(d) = 47*d**2 - 31*d + 48. Give v(2).
174
Let i(z) = -34231*z - 102684. What is i(-3)?
9
Let m(j) = 4*j**2 - 27*j - 42. Determine m(11).
145
Let c(q) = q**3 - 9*q**2 + 2*q + 31. Calculate c(9).
49
Let t(z) = -2*z**2 - 123*z + 954. Give t(7).
-5
Let t(u) = -585*u**2 + 2893*u + 161. Calculate t(5).
1
Let m(o) = -30*o + 333. Determine m(4).
213
Let y(j) = -10*j - 142. What is y(-16)?
18
Let s(n) = -461*n - 2303. What is s(-5)?
2
Let w(y) = -201*y - 9671. Calculate w(-48).
-23
Let k(t) = -2*t**2 + 27*t + 85. Give k(0).
85
Let u(m) = -16*m**2 + 815*m - 68. Give u(51).
-119
Let j(d) = 32*d + 359. Calculate j(-12).
-25
Let y(t) = 70*t**3 + 3*t**2 - 2*t - 4. What is y(-1)?
-69
Let o(g) = 6*g + 132. Give o(-20).
12
Let g(u) = 7*u + 334. Calculate g(-46).
12
Let l(c) = 5*c**2 - 115*c + 140. Calculate l(23).
140
Let m(r) = r**2 - 152*r + 5782. Calculate m(72).
22
Let t(n) = -n**3 - 7*n**2 + 13*n + 3. Calculate t(-8).
-37
Let r(w) = -70*w**2 - 144*w - 18. Calculate r(-2).
-10
Let m(r) = -11*r + 228. Calculate m(20).
8
Let c(p) = -p**3 - 18*p**2 - 4*p + 113. What is c(-18)?
185
Let a(j) = -9*j**2 + 14*j - 20. Determine a(6).
-260
Let p(f) = 10*f**3 - 2*f - 7. Give p(3).
257
Let c(y) = -y - 20. Give c(-29).
9
Let v(f) = f**3 - 5*f**2 - 231*f - 45. Calculate v(18).
9
Let x(b) = 63*b**2 - 503*b - 22. Give x(8).
-14
Let m(a) = 12044*a - 12025. Calculate m(1).
19
Let u(i) = 7*i**2 + 46*i - 239. Give u(5).
166
Let s(y) = y**2 - 156*y - 633. What is s(-4)?
7
Let l(s) = -s**3 + 29*s**2 + 102*s - 69. What is l(32)?
123
Let o(q) = -7*q**2 - 35*q - 68. Give o(-2).
-26
Let n(z) = -126*z + 1011. Determine n(8).
3
Let o(p) = -2*p**3 - 12*p**2 + 23*p + 35. Give o(-9).
314
Let x(s) = s**2 + 31*s + 75. Give x(-27).
-33
Let f(l) = 41*l + 3080. Determine f(-78).
-118
Let w(t) = -t**3 + 5*t**2 - 56*t + 152. Determine w(3).
2
Let l(j) = -84*j + 2431. What is l(29)?
-5
Let i(z) = -342*z + 9345. Give i(27).
111
Let i(o) = -2*o**3 - 5*o**2 + 17*o + 14. Calculate i(3).
-34
Let b(v) = -3*v**2 + 301*v - 667. Calculate b(98).
19
Let b(h) = 7*h + 4. What is b(14)?
102
Let n(a) = 19*a + 1894. Give n(-100).
-6
Let x(c) = c**2 + 4*c - 95. Give x(0).
-95
Let q(c) = -16*c**2 - 274*c - 15. Give q(-17).
19
Let h(u) = u**3 + 48*u**2 + 3*u + 159. What is h(-48)?
15
Let u(g) = g**3 - 16*g**2 + 56*g + 12. What is u(5)?
17
Let w(i) = -5*i + 168. Calculate w(36).
-12
Let o(r) = 19*r**2 + 177*r + 40. Give o(-9).
-14
Let u(x) = -x**3 - 11*x**2 + 47*x + 272. What is u(-13)?
-1
Let h(i) = -i**3 - 14*i**2 + 71*i - 6. Calculate h(-18).
12
Let n(f) = f**3 + 13*f**2 - 9*f + 30. Calculate n(-13).
147
Let z(g) = 54*g**2 + 1836*g - 2. Give z(-34).
-2
Let t(i) = 58*i**3 + 2*i**2 - 140*i + 139. What is t(1)?
59
Let x(g) = 173*g + 3655. Calculate x(-21).
22
Let k(f) = 3*f**2 - 34*f + 216. Give k(11).
205
Let g(v) = -21*v - 175. Give g(-8).
-7
Let y(k) = k**3 - 7*k**2 - 75*k + 21. Determine y(13).
60
Let r(x) = -2*x**2 - 21*x + 394. Give r(9).
43
Let c(y) = -1103*y - 5492. Give c(-5).
23
Let q(c) = -42*c - 343. What is q(-5)?
-133
Let v(n) = 38*n - 258. Calculate v(5).
-68
Let o(d) = -81*d**3 + 486*d**2 - 8*d + 10. Determine o(6).
-38
Let a(u) = -5450*u + 109000. Give a(20).
0
Let u(s) = 3*s**2 - 25*s + 62. What is u(5)?
12
Let x(b) = 16*b + 202. Determine x(-25).
-198
Let b(h) = -705*h - 70500. Calculate b(-100).
0
Let n(q) = -13*q**3 + 2900*q**2 - 225*q + 443. Determine n(223).
-3
Let x(v) = -92*v**3 - v**2 + 4*v - 3. Calculate x(1).
-92
Let z(o) = -o**3 + o**2 - 4*o + 56. Give z(4).
-8
Let h(y) = 2*y**3 + 4*y - 5. Calculate h(3).
61
Let v(w) = w**3 + 131*w**2 + 71*w - 7655. What is v(-130)?
15
Let i(u) = -u**3 + 40*u**2 - 70*u - 160. Determine i(38).
68
Let y(r) = 5*r**3 + 75*r**2 - 4*r - 2. Give y(-15).
58
Let p(c) = -c**2 + 1794*c - 71871. Calculate p(41).
2
Let y(u) = -9*u**2 + 631*u - 71. Calculate y(70).
-1
Let m(f) = -159*f - 243. Determine m(-2).
75
Let r(m) = -2*m**2 - 2768*m + 4. Determine r(0).
4
Let z(y) = -y**3 + 17*y**2 - 23*y - 55. Determine z(7).
274
Let j(g) = 3*g**2 - 93*g + 356. Calculate j(4).
32
Let a(s) = -s**3 - 47*s**2 - 33*s - 3908. What is a(-48)?
-20
Let l(x) = 39*x**2 - 427*x - 13. Determine l(11).
9
Let c(m) = 95*m**2 - 845*m - 96. Give c(9).
-6
Let r(a) = 53*a**2 - a + 4. Give r(-1).
58
Let l(i) = -4823*i - 67530. Determine l(-14).
-8
Let i(o) = 147*o - 8381. Give i(57).
-2
Let s(f) = -2*f**2 + 10*f + 140. Calculate s(-7).
-28
Let b(m) = -8*m**2 + 157*m + 232. Calculate b(21).
1
Let o(p) = 584*p + 80. What is o(0)?
80
Let w(l) = -l**2 + 154*l + 1993. What is w(-12)?
1
Let y(a) = -a**2 + 36*a + 84. What is y(18)?
408
Let d(h) = 22*h - 199. Determine d(14).
109
Let u(k) = -k**2 - 11*k - 9. Give u(-4).
19
Let j(p) = 4*p**2 + 7*p + 1. What is j(4)?
93
Let p(d) = 21750*d + 108744. What is p(-5)?
-6
Let v(k) = 3*k**3 - 2*k**2 - 35*k + 11. What is v(-5)?
-239
Let w(s) = 2*s**3 - 9*s**2 - 35*s - 2. Give w(10).
748
Let u(k) = -k**2 - 72*k - 138. Give u(-72).
-138
Let q(l) = -3*l**2 - 216*l + 223. What is q(-73)?
4
Let y(j) = 4*j**3 + 66*j**2 - 27*j + 129. What is y(-17)?
10
Let g(z) = z**3 + 7*z**2 - 319*z + 24. Determine g(-22).
-218
Let g(f) = -219*f + 1845. Determine g(10).
-345
Let j(f) = 2*f**2 - 219*f + 4041. Calculate j(86).
-1
Let v(j) = j**3 - 86*j**2 + 239*j + 835. What is v(83)?
5
Let u(t) = -2*t**2 + 242*t - 684. Give u(118).
24
Let m(x) = -4*x - 150. Calculate m(-82).
178
Let a(d) = 22*d**2 - 1072*d - 284. What is a(49)?
10
Let t(v) = -290*v + 821. Give t(3).
-49
Let h(s) = 827*s + 1655. Calculate h(-2).
1
Let a(g) = -19*g - 58. Determine a(-7).
75
Let t(d) = -90*d + 264. Give t(4).
-96
Let k(h) = -h**2 + 340*h + 1381. Determine k(-4).
5
Let o(m) = m**3 + 25*m**2 - 72*m - 1199. Calculate o(-26).
-3
Let y(z) = 3*z**2 + 318*z. Determine y(0).
0
Let l(t) = t**3 - 358*t**2 + 6118*t + 688. Give l(340).
8
Let x(c) = c**3 + 35*c**2 - 63*c + 5. Calculate x(-37).
-402
Let a(s) = -s**2 + 483*s - 2382. Calculate a(5).
8
Let j(g) = 2012*g + 28162. Give j(-14).
-6
Let s(h) = -2945*h - 8845. Calculate s(-3).
-10
Let t(d) = 13*d - 110. Calculate t(24).
202
Let c(t) = -730*t - 726. Give c(-1).
4
Let y(o) = -8*o + 130. Calculate y(-5).
170
Let o(f) = -f**3 - 14*f**2 + 15*f + 8. Determine o(-14).
-202
Let f(d) = -55*d - 413. What is f(-7)?
-28
Let k(n) = 19*n + 226. Give k(-11).
17
Let o(u) = -4*u**3 - 22*u**2 + 49*u + 3. What is o(2)?
-19
Let i(r) = 10*r**3 - 18*r**2 - 59*r + 31. Give i(-2).
-3
Let q(j) = j**3 - 140*j**2 + 2302*j - 362. Determine q(121).
1
Let j(q) = -2*q**3 - 15*q**2 - 7*q + 31. Give j(-6).
-35
Let m(f) = 181*f**2 - 3622*f + 55. Calculate m(20).
15
Let d(p) = -p**3 - 11*p**2 + 40*p - 20. What is d(-14)?
8
Let p(u) = -175*u**3 - 2*u**2 - u + 1. Calculate p(1).
-177
Let b(m) = m**3 + 21*m**2 + 100*m + 199. Calculate b(-16).
-121
Let h(w) = w**2 - 65*w + 1539. Determine h(41).
555
Let x(u) = u**3 - 2*u**2 + 48*u + 86. What is x(0)?
86
Let a(z) = -1311*z + 32773. Determine a(25).
-2
Let i(h) = -10*h**3 - 208*h**2 + 39*h - 47. Give i(-21).
16
Let o(f) = f + 142. Calculate o(-12).
130
Let p(v) = v**3 - 10*v**2 - 18*v + 111. What is p(3)?
-6
Let p(d) = -6*d**2 - 5*d + 29. Calculate p(4).
-87
Let j(k) = 346*k + 242. Determine j(-1).
-104
Let y(k) = k**3 + 24*k**2 + 6*k - 43. Determine y(-25).
-818
Let x(h) = h**3 - 9*h**2 + 8*h - 24. Give x(9).
48
Let m(f) = 4*f + 199. Give m(-41).
35
Let u(h) = -62*h - 1805. Give u(-29).
-7
Let o(s) = -s**3 - 54*s**2 - 113*s - 479. Determine o(-52).
-11
Let g(s) = -2*s**2 - 27*s + 113. What is g(-16)?
33
Let f(y) = -416*y - 4975. Determine f(-12).
17
L